f 1217.
1217
List the prime factors of 4059.
3, 11, 41
List the prime factors of 775.
5, 31
What are the prime factors of 33803?
7, 11, 439
List the prime factors of 401.
401
List the prime factors of 702.
2, 3, 13
What are the prime factors of 4753?
7, 97
List the prime factors of 20173.
20173
What are the prime factors of 149?
149
What are the prime factors of 465?
3, 5, 31
List the prime factors of 20713.
7, 11, 269
List the prime factors of 160.
2, 5
List the prime factors of 697.
17, 41
What are the prime factors of 4808?
2, 601
List the prime factors of 5736.
2, 3, 239
What are the prime factors of 385?
5, 7, 11
What are the prime factors of 1077?
3, 359
What are the prime factors of 8015?
5, 7, 229
What are the prime factors of 48173?
67, 719
List the prime factors of 133.
7, 19
List the prime factors of 32163.
3, 71, 151
List the prime factors of 5016.
2, 3, 11, 19
What are the prime factors of 74?
2, 37
List the prime factors of 121404.
2, 3, 67, 151
What are the prime factors of 1770?
2, 3, 5, 59
List the prime factors of 11818.
2, 19, 311
What are the prime factors of 3235?
5, 647
List the prime factors of 963.
3, 107
What are the prime factors of 107134?
2, 17, 23, 137
What are the prime factors of 1458?
2, 3
List the prime factors of 7236.
2, 3, 67
List the prime factors of 61906.
2, 13, 2381
What are the prime factors of 3172?
2, 13, 61
What are the prime factors of 1061?
1061
List the prime factors of 1824.
2, 3, 19
List the prime factors of 72355.
5, 29, 499
List the prime factors of 100281.
3, 33427
List the prime factors of 9464.
2, 7, 13
List the prime factors of 33448.
2, 37, 113
List the prime factors of 124840.
2, 5, 3121
List the prime factors of 106688.
2, 1667
What are the prime factors of 1337?
7, 191
List the prime factors of 94251.
3, 89, 353
List the prime factors of 40404.
2, 3, 7, 13, 37
List the prime factors of 1193.
1193
What are the prime factors of 20516?
2, 23, 223
What are the prime factors of 3801?
3, 7, 181
What are the prime factors of 173275?
5, 29, 239
List the prime factors of 2944.
2, 23
What are the prime factors of 617?
617
What are the prime factors of 2184?
2, 3, 7, 13
What are the prime factors of 368?
2, 23
List the prime factors of 1292.
2, 17, 19
What are the prime factors of 19052?
2, 11, 433
List the prime factors of 2342.
2, 1171
What are the prime factors of 3367?
7, 13, 37
What are the prime factors of 41?
41
List the prime factors of 51644.
2, 12911
What are the prime factors of 169?
13
List the prime factors of 70099.
70099
List the prime factors of 2470.
2, 5, 13, 19
List the prime factors of 31803.
3, 10601
What are the prime factors of 59902?
2, 61, 491
What are the prime factors of 5093?
11, 463
What are the prime factors of 1812?
2, 3, 151
What are the prime factors of 47594?
2, 53, 449
List the prime factors of 4720.
2, 5, 59
List the prime factors of 1600.
2, 5
List the prime factors of 9129.
3, 17, 179
List the prime factors of 175.
5, 7
What are the prime factors of 1154?
2, 577
What are the prime factors of 453?
3, 151
What are the prime factors of 11296?
2, 353
What are the prime factors of 916?
2, 229
What are the prime factors of 525?
3, 5, 7
List the prime factors of 82167.
3, 61, 449
What are the prime factors of 123?
3, 41
List the prime factors of 7649.
7649
List the prime factors of 4596.
2, 3, 383
List the prime factors of 234.
2, 3, 13
What are the prime factors of 17642?
2, 8821
What are the prime factors of 2648?
2, 331
What are the prime factors of 1085?
5, 7, 31
List the prime factors of 128829.
3, 42943
What are the prime factors of 86442?
2, 3, 14407
What are the prime factors of 24880?
2, 5, 311
What are the prime factors of 1823?
1823
List the prime factors of 4370.
2, 5, 19, 23
What are the prime factors of 663?
3, 13, 17
What are the prime factors of 3863?
3863
List the prime factors of 2934.
2, 3, 163
What are the prime factors of 23020?
2, 5, 1151
What are the prime factors of 571?
571
List the prime factors of 1962.
2, 3, 109
What are the prime factors of 3868?
2, 967
List the prime factors of 2444.
2, 13, 47
List the prime factors of 4576.
2, 11, 13
List the prime factors of 1313.
13, 101
What are the prime factors of 4258?
2, 2129
What are the prime factors of 226?
2, 113
List the prime factors of 3094.
2, 7, 13, 17
List the prime factors of 9267.
3, 3089
List the prime factors of 1618.
2, 809
What are the prime factors of 1574?
2, 787
What are the prime factors of 15715?
5, 7, 449
What are the prime factors of 192414?
2, 3, 32069
What are the prime factors of 18643?
103, 181
What are the prime factors of 6046?
2, 3023
What are the prime factors of 143353?
7, 20479
List the prime factors of 10785.
3, 5, 719
What are the prime factors of 17168?
2, 29, 37
What are the prime factors of 14075?
5, 563
List the prime factors of 24823.
103, 241
What are the prime factors of 6753?
3, 2251
What are the prime factors of 104032?
2, 3251
What are the prime factors of 24400?
2, 5, 61
What are the prime factors of 3771?
3, 419
List the prime factors of 19567.
17, 1151
What are the prime factors of 1390?
2, 5, 139
What are the prime factors of 1668?
2, 3, 139
List the prime factors of 1511.
1511
List the prime factors of 18941.
13, 31, 47
What are the prime factors of 22589?
7, 461
What are the prime factors of 4826?
2, 19, 127
What are the prime factors of 19435?
5, 13, 23
What are the prime factors of 841?
29
What are the prime factors of 2353?
13, 181
What are the prime factors of 15919?
15919
List the prime factors of 3057.
3, 1019
List the prime factors of 32316.
2, 3, 2693
List the prime factors of 406.
2, 7, 29
What are the prime factors of 75233?
23, 3271
List the prime factors of 111805.
5, 59, 379
List the prime factors of 923.
13, 71
What are the prime factors of 3410?
2, 5, 11, 31
List the prime factors of 3103.
29, 107
List the prime factors of 3225.
3, 5, 43
What are the prime factors of 95142?
2, 3, 101, 157
List the prime factors of 548.
2, 137
What are the prime factors of 19039?
79, 241
What are the prime factors of 2222?
2, 11, 101
List the prime factors of 6226.
2, 11, 283
List the prime factors of 2822.
2, 17, 83
List the prime factors of 17728.
2, 277
List the prime factors of 714.
2, 3, 7, 17
List the prime factors of 9113.
13, 701
What are the prime factors of 11348?
2, 2837
List the prime factors of 19780.
2, 5, 23, 43
What are the prime factors of 16889?
16889
List the prime factors of 2106.
2, 3, 13
What are the prime factors of 4919?
4919
List the prime factors of 23905.
5, 7, 683
What are the prime factors of 4850?
2, 5, 97
List the prime factors of 1029.
3, 7
What are the prime factors of 1529?
11, 139
What are the prime factors of 468?
2, 3, 13
What are the prime factors of 45170?
2, 5, 4517
List the prime factors of 14576.
2, 911
What are the prime factors of 3246?
2, 3, 541
List the prime factors of 11086.
2, 23, 241
List the prime factors of 2211.
3, 11, 67
What are the prime factors of 29366?
2, 14683
What are the prime factors of 2343?
3, 11, 71
What are the prime factors of 11175?
3, 5, 149
What are the prime factors of 79942?
2, 39971
List the prime factors of 21219.
3, 11, 643
What are the prime factors of 1592?
2, 199
List the prime factors of 76499.
227, 337
What are the prime factors of 18394?
2, 17, 541
List the prime factors of 4569.
3, 1523
What are the prime factors of 3245?
5, 11, 59
List the prime factors of 446.
2, 223
List the prime factors of 16665.
3, 5, 11, 101
What are the prime factors of 43986?
2, 3, 7331
What are the prime factors of 848?
2, 53
List the prime factors of 641.
641
What are the prime factors of 695?
5, 139
What are the prime factors of 67235?
5, 7, 17, 113
List the prime factors of 41.
41
What are the prime factors of 3433?
3433
What are the prime factors of 31145?
5, 6229
What are the prime factors of 5652?
2, 3, 157
What are the prime factors of 7176?
2, 3, 13, 23
What are the prime factors of 872?
2, 109
List the prime factors of 147796.
2, 11, 3359
List the prime factors of 8399.
37, 227
What are the prime factors of 130641?
3, 7, 6221
What are the prime factors of 2943?
3, 109
What are the prime factors of 17674?
2, 8837
List the prime factors of 35164.
2, 59, 149
List the prime factor